{"id":1934,"date":"2018-04-19T18:28:56","date_gmt":"2018-04-19T22:28:56","guid":{"rendered":"http:\/\/haiti-observateur.ca\/?page_id=1934"},"modified":"2023-01-27T13:47:37","modified_gmt":"2023-01-27T13:47:37","slug":"dany","status":"publish","type":"page","link":"https:\/\/haiti-observateur.news\/?page_id=1934","title":{"rendered":"Dany"},"content":{"rendered":"<p>Galerie Dany Laferri\u00e8re \u00ab Carte Blanche \u00bb au statut d&rsquo;Immortel \u00e0 l&rsquo;Acad\u00e9mie fran\u00e7aise.<\/p>\n<hr \/>\n<p style=\"text-align: center;\">[FinalTilesGallery id=&rsquo;2&prime;]\n","protected":false},"excerpt":{"rendered":"<p>Galerie Dany Laferri\u00e8re \u00ab Carte Blanche \u00bb au statut d&rsquo;Immortel \u00e0 l&rsquo;Acad\u00e9mie fran\u00e7aise. [FinalTilesGallery id=&rsquo;2&prime;]<\/p>\n","protected":false},"author":1,"featured_media":5,"parent":1972,"menu_order":0,"comment_status":"closed","ping_status":"closed","template":"home-layout-masonry.php","meta":{"footnotes":""},"class_list":["post-1934","page","type-page","status-publish","has-post-thumbnail","hentry"],"_links":{"self":[{"href":"https:\/\/haiti-observateur.news\/index.php?rest_route=\/wp\/v2\/pages\/1934","targetHints":{"allow":["GET"]}}],"collection":[{"href":"https:\/\/haiti-observateur.news\/index.php?rest_route=\/wp\/v2\/pages"}],"about":[{"href":"https:\/\/haiti-observateur.news\/index.php?rest_route=\/wp\/v2\/types\/page"}],"author":[{"embeddable":true,"href":"https:\/\/haiti-observateur.news\/index.php?rest_route=\/wp\/v2\/users\/1"}],"replies":[{"embeddable":true,"href":"https:\/\/haiti-observateur.news\/index.php?rest_route=%2Fwp%2Fv2%2Fcomments&post=1934"}],"version-history":[{"count":1,"href":"https:\/\/haiti-observateur.news\/index.php?rest_route=\/wp\/v2\/pages\/1934\/revisions"}],"predecessor-version":[{"id":7964,"href":"https:\/\/haiti-observateur.news\/index.php?rest_route=\/wp\/v2\/pages\/1934\/revisions\/7964"}],"up":[{"embeddable":true,"href":"https:\/\/haiti-observateur.news\/index.php?rest_route=\/wp\/v2\/pages\/1972"}],"wp:featuredmedia":[{"embeddable":true,"href":"https:\/\/haiti-observateur.news\/index.php?rest_route=\/"}],"wp:attachment":[{"href":"https:\/\/haiti-observateur.news\/index.php?rest_route=%2Fwp%2Fv2%2Fmedia&parent=1934"}],"curies":[{"name":"wp","href":"https:\/\/api.w.org\/{rel}","templated":true}]}}